{"id":3852,"date":"2021-06-15T03:07:55","date_gmt":"2021-06-15T03:07:55","guid":{"rendered":"https:\/\/iutdepinfo.iutmontp.univ-montp2.fr\/vitrine\/?page_id=3852"},"modified":"2021-06-15T03:10:08","modified_gmt":"2021-06-15T03:10:08","slug":"equipe-pedagogique","status":"publish","type":"page","link":"https:\/\/iutdepinfo.iutmontp.univ-montp2.fr\/vitrine\/equipe-pedagogique\/","title":{"rendered":"\u00c9quipe p\u00e9dagogique"},"content":{"rendered":"<div class=\"fusion-fullwidth fullwidth-box fusion-builder-row-1 fusion-flex-container nonhundred-percent-fullwidth non-hundred-percent-height-scrolling\" style=\"background-color: rgba(255,255,255,0);background-position: center center;background-repeat: no-repeat;border-width: 0px 0px 0px 0px;border-color:#e7e4e2;border-style:solid;\" ><div class=\"fusion-builder-row fusion-row fusion-flex-align-items-flex-start\" style=\"max-width:1331.2px;margin-left: calc(-4% \/ 2 );margin-right: calc(-4% \/ 2 );\"><div class=\"fusion-layout-column fusion_builder_column fusion-builder-column-0 fusion_builder_column_1_1 1_1 fusion-flex-column\"><div class=\"fusion-column-wrapper fusion-flex-justify-content-flex-start fusion-content-layout-column\" style=\"background-position:left top;background-repeat:no-repeat;-webkit-background-size:cover;-moz-background-size:cover;-o-background-size:cover;background-size:cover;padding: 0px 0px 0px 0px;\"><div class=\"fusion-text fusion-text-1\"><div id=\"fixfooter\">\n<h3>Equipe p\u00e9dagogique<\/h3>\n<div class=\"soustitre1\"><\/div>\n<p><b>Marin Bougeret  <\/b>  <br \/>Mots clefs recherche : optimisation combinatoire, approximation, complexit\u00e9e param\u00e9tr\u00e9e    <br \/>Mots clefs enseignement : algorithmique, programmation objet<br \/>Site web : <a href=\"http:\/\/www.lirmm.fr\/~bougeret\/\">http:\/\/www.lirmm.fr\/~bougeret\/<\/a><\/p>\n<p><b>R\u00e9mi Coletta   <\/b> <br \/>Mots clefs recherche : Intelligence Artifcielle: &#8211; Programmation par Contraintes \/ Optimisation combinatoire, &#8211; Apprentissage Automatique<br \/>Mots clefs enseignement : Bases de donn\u00e9es, Programmation, Programmation Web<br \/>Site web : <a href=\"http:\/\/www.lirmm.fr\/~coletta\/\">http:\/\/www.lirmm.fr\/~coletta\/<\/a><br \/><a href=\"http:\/\/www.lirmm.fr\/~croitoru\"><br \/><\/a><b>Ariel Eggrickx    <\/b><br \/>Mots clefs recherche :    <br \/>Mots clefs enseignement : Environnement \u00e9conomique, Economie d&rsquo;entreprise, Th\u00e9orie des organisations, Comptabilit\u00e9, Contr\u00f4le de gestion, Gestion des syst\u00e8mes d&rsquo;information, Jeux d&rsquo;entreprise    <br \/>Site web :<\/p>\n<p><b>Thomas Haettel    <\/b><br \/>Mots clefs recherche : G\u00e9om\u00e9trie des groupes et des graphes<br \/>Mots clefs enseignement : Graphes et langages    <br \/>Site web : <a href=\"http:\/\/www.math.univ-montp2.fr\/~haettel\/\">http:\/\/www.math.univ-montp2.fr\/~haettel\/<\/a><\/p>\n<p><b>Marc Joannides<\/b><br \/>Mots clefs recherche : Mod\u00e8lisation stochastique, Filtrage optimal, m\u00e9thodes particulaires<br \/>Mots clefs enseignement : Probabilit\u00e9s-statisiques, Alg\u00e8bre lin\u00e9aire, analyse    <br \/>Site web :<\/p>\n<p><b>Nadjib Lazaar<\/b><br \/>Mots clefs recherche : Intelligence artificielle, programmation par contraintes, apprentissage automatique, v\u00e9rification des programmes, fouille de donn\u00e9es<br \/>Mots clefs enseignement : G\u00e9nie logiciel, test logiciel, programmation objet, algorithmique    <br \/>Site web :<a href=\"http:\/\/www.lirmm.fr\/~lazaar\/\">http:\/\/www.lirmm.fr\/~lazaar\/<\/a><\/p>\n<p><b>Romain Lebreton<\/b><br \/>Mots clefs recherche : Calcul formel, r\u00e9solution de syst\u00e8mes d&rsquo;\u00e9quations polynomiales<br \/>Mots clefs enseignement : Programmation Web : Conception (HTML,CSS), C\u00f4t\u00e9 Serveur (PHP,MySQL) et Client riche (JS,Ajax)   <br \/>Site web :<a href=\"http:\/\/www.lirmm.fr\/~lebreton\/\">http:\/\/www.lirmm.fr\/~lebreton\/<\/a><\/p>\n<p><b>Agn\u00e8s Mazars-Chapelon    <\/b><br \/>Mots clefs recherche :Contr\u00f4le organisationnel, outils de gestion, complexit\u00e9 institutionnelle, connaissance et hybridation<br \/>Mots clefs enseignement : Fonctionnement des organisations, Strat\u00e9gie Marketing, Comptabilit\u00e9 Contr\u00f4le, Gestion des syst\u00e8mes d&rsquo;information, CRM, cr\u00e9ation d&rsquo;entreprise<br \/>Site web : <a href=\"http:\/\/www.mrm.univ-montp2.fr\/details\/1\/147\/membres-mazars-chapelon\">http:\/\/www.mrm.univ-montp2.fr\/details\/1\/147\/membres-mazars-chapelon<\/a><\/p>\n<p><b>Fabien Michel<\/b><br \/>Mots clefs recherche : Intelligence Artificielle Distribu\u00e9e, Syst\u00e8mes Multi-Agents, Mod\u00e9lisation et Simulation de syst\u00e8mes complexes<br \/>Mots clefs enseignement : Programmation orient\u00e9e objet, Programmation mobile<br \/>Site web : <a href=\"http:\/\/www.lirmm.fr\/~fmichel\/\">http:\/\/www.lirmm.fr\/~fmichel\/<\/a><\/p>\n<p><b>Miklos Molnar<\/b><br \/>Mots clefs recherche : optimisation combinatoire, approximation, optimisation dans les r\u00e9seaux    <br \/>Mots clefs enseignement :Architectures, syst\u00e8mes, r\u00e9seaux, programmation    <br \/>Site web :<\/p>\n<p><b>Genevi\u00e8ve Simonet    <\/b><br \/>Mots clefs recherche :Algorithmes de graphes, graphes triangul\u00e9s, d\u00e9composition par s\u00e9parateurs minimaux complets<br \/>Mots clefs enseignement : algorithmique, maths discr\u00e8tes    <br \/>Site web :<\/p>\n<p><b>Gilles Trombettoni<\/b><br \/>Mots clefs recherche : M\u00e9thodes \u00e0 intervalles pour les probl\u00e8mes non convexes et l&rsquo;optimisation globale.Programmation par contraintes (pour la r\u00e9solution pratique de probl\u00e8mes NP-complets)<br \/>Mots clefs enseignement : Algorithmique, structures de donn\u00e9es, introduction aux r\u00e9seaux, programmation r\u00e9partie, programmation web client riche    <br \/>Site web : <a class=\"moz-txt-link-freetext\" href=\"http:\/\/www.lirmm.fr\/%7Etrombetton\/\">http:\/\/www.lirmm.fr\/~trombetton\/<\/a><\/p>\n<\/div>\n<\/div><\/div><style type=\"text\/css\">.fusion-body .fusion-builder-column-0{width:100% !important;margin-top : 0px;margin-bottom : 0px;}.fusion-builder-column-0 > .fusion-column-wrapper {padding-top : 0px !important;padding-right : 0px !important;margin-right : 1.92%;padding-bottom : 0px !important;padding-left : 0px !important;margin-left : 1.92%;}@media only screen and (max-width:1024px) {.fusion-body .fusion-builder-column-0{width:100% !important;}.fusion-builder-column-0 > .fusion-column-wrapper {margin-right : 1.92%;margin-left : 1.92%;}}@media only screen and (max-width:640px) {.fusion-body .fusion-builder-column-0{width:100% !important;}.fusion-builder-column-0 > .fusion-column-wrapper {margin-right : 1.92%;margin-left : 1.92%;}}<\/style><\/div><\/div><style type=\"text\/css\">.fusion-body .fusion-flex-container.fusion-builder-row-1{ padding-top : 0px;margin-top : 0px;padding-right : 0px;padding-bottom : 0px;margin-bottom : 0px;padding-left : 0px;}<\/style><\/div>\n","protected":false},"excerpt":{"rendered":"","protected":false},"author":35,"featured_media":0,"parent":0,"menu_order":0,"comment_status":"closed","ping_status":"closed","template":"","meta":{"footnotes":""},"class_list":["post-3852","page","type-page","status-publish","hentry"],"_links":{"self":[{"href":"https:\/\/iutdepinfo.iutmontp.univ-montp2.fr\/vitrine\/wp-json\/wp\/v2\/pages\/3852","targetHints":{"allow":["GET"]}}],"collection":[{"href":"https:\/\/iutdepinfo.iutmontp.univ-montp2.fr\/vitrine\/wp-json\/wp\/v2\/pages"}],"about":[{"href":"https:\/\/iutdepinfo.iutmontp.univ-montp2.fr\/vitrine\/wp-json\/wp\/v2\/types\/page"}],"author":[{"embeddable":true,"href":"https:\/\/iutdepinfo.iutmontp.univ-montp2.fr\/vitrine\/wp-json\/wp\/v2\/users\/35"}],"replies":[{"embeddable":true,"href":"https:\/\/iutdepinfo.iutmontp.univ-montp2.fr\/vitrine\/wp-json\/wp\/v2\/comments?post=3852"}],"version-history":[{"count":4,"href":"https:\/\/iutdepinfo.iutmontp.univ-montp2.fr\/vitrine\/wp-json\/wp\/v2\/pages\/3852\/revisions"}],"predecessor-version":[{"id":3884,"href":"https:\/\/iutdepinfo.iutmontp.univ-montp2.fr\/vitrine\/wp-json\/wp\/v2\/pages\/3852\/revisions\/3884"}],"wp:attachment":[{"href":"https:\/\/iutdepinfo.iutmontp.univ-montp2.fr\/vitrine\/wp-json\/wp\/v2\/media?parent=3852"}],"curies":[{"name":"wp","href":"https:\/\/api.w.org\/{rel}","templated":true}]}}